{"id":3275,"date":"2013-05-23T12:42:09","date_gmt":"2013-05-23T10:42:09","guid":{"rendered":"http:\/\/www.atx.sk\/alocons\/portal\/alocons4\/?page_id=3275"},"modified":"2015-09-11T21:39:32","modified_gmt":"2015-09-11T19:39:32","slug":"4_certifikacia-a-audity-nehnutelnosti","status":"publish","type":"page","link":"https:\/\/www.alocons.com\/?page_id=3275","title":{"rendered":"Audity a certifik\u00e1cia"},"content":{"rendered":"<table border=\"1\" cellspacing=\"0\" cellpadding=\"0\">\n<tbody>\n<tr>\n<td style=\"width: 643px; background-image: url('http:\/\/www.alocons.com\/portal\/wp-content\/uploads\/ALO_DARK-raster_TMCE08-10.gif');\" valign=\"top\">\n<p style=\"text-align: justify;\"><span style=\"font-size: small;\"><strong><span style=\"color: #808080; font-family: verdana, geneva;\">Audity sl\u00fa\u017eia na zistenie stavu nehnute\u013enost\u00ed v konkr\u00e9tnych podmienkach lokality, kde je umiestnen\u00e1 a na identifik\u00e1ciu mo\u017enost\u00ed zv\u00fd\u0161enia efekt\u00edvnosti, \u010di u\u017e spotreby energie alebo prev\u00e1dzky nehnute\u013enosti. D\u00e1vaj\u00fa n\u00e1vody pre vlastn\u00edka alebo prev\u00e1dzkovate\u013ea nehnute\u013enosti, kde a ako pri prev\u00e1dzke nehnute\u013enosti u\u0161etri\u0165, ak\u00fd efekt to bude ma\u0165 na \u017eivotn\u00e9 prostredie a ak\u00e1 je n\u00e1vratnos\u0165 navrhovan\u00fdch opatren\u00ed. <\/span><\/strong><\/span><\/p>\n<p style=\"text-align: justify;\"><span style=\"font-size: small;\"><strong><span style=\"color: #808080; font-family: verdana, geneva;\">Certifik\u00e1cia sl\u00fa\u017ei na porovnanie kval\u00edt nehnute\u013enosti s\u00a0uzn\u00e1van\u00fdmi etal\u00f3nmi \u2013 medzin\u00e1rodn\u00fdmi alebo n\u00e1rodn\u00fdmi. \u010ci to je u\u017e certifik\u00e1cia energetickej hospod\u00e1rnosti budov alebo trvalej udr\u017eate\u013enosti.<\/span><\/strong><\/span><\/p>\n<p style=\"text-align: justify;\">\u00a0<\/p>\n<\/td>\n<td style=\"width: 162px; background-image: url('http:\/\/www.alocons.com\/portal\/wp-content\/uploads\/ALO_DARK-raster_TMCE08-50.gif');\" align=\"left\" valign=\"top\"><img loading=\"lazy\" decoding=\"async\" class=\"alignleft\" src=\"http:\/\/www.alocons.com\/portal\/wp-content\/uploads\/pumerle-MAG.gif\" alt=\"pumerle-MAG\" width=\"21\" height=\"21\" \/><\/td>\n<\/tr>\n<tr>\n<td style=\"text-align: justify; width: 643px;\" valign=\"top\">\u00a0<\/td>\n<td style=\"width: 162px;\" align=\"left\" valign=\"top\">\u00a0<\/td>\n<\/tr>\n<tr>\n<td style=\"text-align: justify; width: 643px; background-color: #f5f5f5; border: 6px solid #f5f5f5;\" valign=\"bottom\">\n<p><strong><span style=\"font-size: medium; font-family: verdana, geneva;\">Na\u0161im klientom poskytujeme:<\/span><\/strong><\/p>\n<\/td>\n<td style=\"width: 162px;\" rowspan=\"2\" align=\"left\" valign=\"top\"><b><i><b><img loading=\"lazy\" decoding=\"async\" class=\"alignleft\" src=\"http:\/\/www.alocons.com\/portal\/wp-content\/uploads\/alo-logo_new_01d-01.png\" alt=\"alo-logo_new_01d-01\" width=\"126\" height=\"45\" \/><\/b><\/i><\/b>\u00a0<\/td>\n<\/tr>\n<tr>\n<td style=\"width: 643px; border: 6px solid #f5f5f5;\" valign=\"top\">\n<ul>\n<li>\n<p><em>audity efekt\u00edvnosti spotreby energie v zmysle Z\u00e1kona \u010d. 321\/2014 Z.z. a pod\u013ea Vyhl. MH SR \u010d. 179\/2015 Z.z pre ve\u013ek\u00e9 podniky<\/em><\/p>\n<\/li>\n<li>\n<p><em>audity efekt\u00edvnosti poskytovania slu\u017eieb facility managementu v\u00a0zmysle STN EN 15221-7\u00a0<\/em><\/p>\n<\/li>\n<li>\n<p><em>certifik\u00e1cia a\u00a0recertifik\u00e1cia energetickej hospod\u00e1rnosti budov v\u00a0zmysle Z\u00e1kona \u010d. 555\/2005 Z.z. v\u00a0znen\u00ed jeho neskor\u0161\u00edch zmien vr\u00e1tane Z\u00e1kona \u010d. 300\/2012 Z.z. v\u00a0pod\u013ea Vyhl. MDVRR SR \u010d. 364\/2012 Z.z.<\/em><\/p>\n<\/li>\n<li>\n<p><em>predcertifik\u00e1cia v\u00a0\u0161t\u00e1diu projektovej dokument\u00e1cie a\u00a0certifik\u00e1cia v\u00a0\u0161t\u00e1diu zhotovenej stavby trvalej udr\u017eate\u013enosti pod\u013ea medzin\u00e1rodn\u00fdch certifika\u010dn\u00fdch syst\u00e9mov BREEAM<sup>\u00ae<\/sup> International a LEED<sup>\u00ae<\/sup><\/em><\/p>\n<\/li>\n<li>\n<p><em>certifik\u00e1cia trvalej udr\u017eate\u013enosti prev\u00e1dzkovanej budovy pod\u013ea medzin\u00e1rodn\u00fdch certifika\u010dn\u00fdch syst\u00e9mov BREEAM<sup>\u00ae<\/sup> International a LEED<sup>\u00ae<\/sup><\/em><\/p>\n<\/li>\n<li>\n<p><em><span style=\"color: #800080;\">Ako paraleln\u00e9 alebo doplnkov\u00e9 \u010dinnosti vypracov\u00e1vame pre na\u0161ich klientov expert\u00edzy, ktor\u00e9 s\u00fa bli\u017e\u0161ie pop\u00edsan\u00e9 na str\u00e1nke <a title=\"1_Poradensk\u00e1 a konzulta\u010dn\u00e1 \u010dinnos\u0165 pri pr\u00edprave, realiz\u00e1cii a po\u010das prev\u00e1dzky invest\u00edcie\" href=\"http:\/\/www.alocons.com\/portal\/?page_id=3272\">[PORADENSK\u00c1 A KONZULTA\u010cN\u00c1 \u010cINNOS\u0164]\u00a0<\/a><\/span><\/em><\/p>\n<\/li>\n<\/ul>\n<\/td>\n<\/tr>\n<\/tbody>\n<\/table>\n","protected":false},"excerpt":{"rendered":"<p>Audity sl\u00fa\u017eia na zistenie stavu nehnute\u013enost\u00ed v konkr\u00e9tnych podmienkach lokality, kde je umiestnen\u00e1 a na identifik\u00e1ciu mo\u017enost\u00ed zv\u00fd\u0161enia efekt\u00edvnosti, \u010di u\u017e spotreby energie alebo prev\u00e1dzky nehnute\u013enosti. D\u00e1vaj\u00fa n\u00e1vody pre vlastn\u00edka alebo prev\u00e1dzkovate\u013ea nehnute\u013enosti, kde a ako pri prev\u00e1dzke nehnute\u013enosti u\u0161etri\u0165, ak\u00fd efekt to bude ma\u0165 na \u017eivotn\u00e9 prostredie a ak\u00e1 \u2026 <a class=\"continue-reading-link\" href=\"https:\/\/www.alocons.com\/?page_id=3275\">Viac <span class=\"meta-nav\">&rarr; <\/span><\/a><\/p>\n","protected":false},"author":1,"featured_media":0,"parent":3214,"menu_order":13,"comment_status":"closed","ping_status":"closed","template":"","meta":{"ngg_post_thumbnail":0,"footnotes":""},"class_list":["post-3275","page","type-page","status-publish","hentry"],"_links":{"self":[{"href":"https:\/\/www.alocons.com\/index.php?rest_route=\/wp\/v2\/pages\/3275","targetHints":{"allow":["GET"]}}],"collection":[{"href":"https:\/\/www.alocons.com\/index.php?rest_route=\/wp\/v2\/pages"}],"about":[{"href":"https:\/\/www.alocons.com\/index.php?rest_route=\/wp\/v2\/types\/page"}],"author":[{"embeddable":true,"href":"https:\/\/www.alocons.com\/index.php?rest_route=\/wp\/v2\/users\/1"}],"replies":[{"embeddable":true,"href":"https:\/\/www.alocons.com\/index.php?rest_route=%2Fwp%2Fv2%2Fcomments&post=3275"}],"version-history":[{"count":4,"href":"https:\/\/www.alocons.com\/index.php?rest_route=\/wp\/v2\/pages\/3275\/revisions"}],"predecessor-version":[{"id":7198,"href":"https:\/\/www.alocons.com\/index.php?rest_route=\/wp\/v2\/pages\/3275\/revisions\/7198"}],"up":[{"embeddable":true,"href":"https:\/\/www.alocons.com\/index.php?rest_route=\/wp\/v2\/pages\/3214"}],"wp:attachment":[{"href":"https:\/\/www.alocons.com\/index.php?rest_route=%2Fwp%2Fv2%2Fmedia&parent=3275"}],"curies":[{"name":"wp","href":"https:\/\/api.w.org\/{rel}","templated":true}]}}