{"id":3272,"date":"2013-05-23T12:41:15","date_gmt":"2013-05-23T10:41:15","guid":{"rendered":"http:\/\/www.atx.sk\/alocons\/portal\/alocons4\/?page_id=3272"},"modified":"2013-08-11T20:09:55","modified_gmt":"2013-08-11T18:09:55","slug":"1_poradenska-a-konzultacna-cinnost-pri-priprave-realizacii-a-pocas-prevadzky-investicie","status":"publish","type":"page","link":"https:\/\/www.alocons.com\/?page_id=3272","title":{"rendered":"Poradensk\u00e1 a konzulta\u010dn\u00e1 \u010dinnos\u0165 pri pr\u00edprave, realiz\u00e1cii a po\u010das prev\u00e1dzky invest\u00edcie"},"content":{"rendered":"<table border=\"1\" cellspacing=\"0\" cellpadding=\"0\">\n<tbody>\n<tr>\n<td style=\"width: 643px; background-image: url('http:\/\/www.alocons.com\/portal\/wp-content\/uploads\/ALO_DARK-raster_ZLTA02-10.gif');\" valign=\"top\">\n<p style=\"text-align: justify;\"><span style=\"font-size: small; color: #888888;\"><strong><span style=\"font-family: verdana, geneva;\">V\u00a0ka\u017edej f\u00e1ze \u017eivotn\u00e9ho cyklu nehnute\u013enosti je potrebn\u00e9 vykona\u0165 ve\u013ek\u00e9 mno\u017estvo mraven\u010dej pr\u00e1ce, ktor\u00e1 ide za r\u00e1mec operat\u00edvy. Hodnoti\u0165, porovna\u0165, navrhn\u00fa\u0165, vytvori\u0165 strat\u00e9giu a\u00a0taktiku a\u00a0pripravi\u0165 mno\u017estvo podkladov, aby mohla operat\u00edva efekt\u00edvne fungova\u0165. Dne\u0161n\u00e9 firmy nem\u00f4\u017eu kv\u00f4li konkuren\u010dn\u00e9mu tlaku dr\u017ea\u0165 t\u00edmy expertov, ktor\u00e9 vyu\u017eij\u00fa len zriedka. Zato s\u00fa v\u0161ak z\u00a0\u010dasu na \u010das situ\u00e1cie, ke\u010f tieto t\u00edmy potrebuj\u00fa. To je priestor pre anga\u017eovanie extern\u00fdch odborn\u00edkov.<\/span><\/strong><\/span><\/p>\n<\/td>\n<td style=\"width: 162px; background-image: url('http:\/\/www.alocons.com\/portal\/wp-content\/uploads\/ALO_DARK-raster_ZLTA02-50.gif');\" align=\"left\" valign=\"top\"><img loading=\"lazy\" decoding=\"async\" class=\"alignleft\" alt=\"pumerle-MAG\" src=\"http:\/\/www.alocons.com\/portal\/wp-content\/uploads\/pumerle-MAG.gif\" width=\"21\" height=\"21\" \/><\/td>\n<\/tr>\n<tr>\n<td style=\"text-align: justify; width: 643px;\" valign=\"top\">\u00a0<\/td>\n<td style=\"width: 162px;\" align=\"left\" valign=\"top\">\u00a0<\/td>\n<\/tr>\n<tr>\n<td style=\"text-align: justify; width: 643px; background-color: #f5f5f5; border-width: 6px; border-color: #f5f5f5; border-style: solid;\" valign=\"bottom\">\n<p><strong><span style=\"font-size: medium; font-family: verdana, geneva;\">Pre na\u0161ich klientov vypracujeme:<\/span><\/strong><\/p>\n<\/td>\n<td style=\"width: 162px;\" rowspan=\"2\" align=\"left\" valign=\"top\"><b><i><b><img loading=\"lazy\" decoding=\"async\" alt=\"alo-logo_new_01d-01\" src=\"http:\/\/www.alocons.com\/portal\/wp-content\/uploads\/alo-logo_new_01d-01.png\" width=\"126\" height=\"45\" \/><\/b><\/i><\/b>\u00a0<\/td>\n<\/tr>\n<tr>\n<td style=\"width: 643px; height: 200px; border-width: 6px; border-color: #f5f5f5; border-style: solid;\" valign=\"top\">\n<ul>\n<li>\n<p><em>technicko-ekonomick\u00e9 \u0161t\u00fadie k\u00a0energetick\u00fdm koncepci\u00e1m budov<\/em><\/p>\n<\/li>\n<li>\n<p><em>\u0161t\u00fadie a\u00a0strat\u00e9gie trvalej udr\u017eate\u013enosti<\/em><\/p>\n<\/li>\n<li>\n<p><em>strat\u00e9gie a\u00a0\u0161t\u00fadie uskuto\u010dnite\u013enosti vyu\u017e\u00edvania obnovite\u013en\u00fdch zdrojov energie<\/em><\/p>\n<\/li>\n<li>\n<p><em>podklady pre v\u00fdbery dod\u00e1vate\u013eov infra\u0161trukt\u00fary a\u00a0techniky prostredia<\/em><\/p>\n<\/li>\n<li>\n<p><em>projektov\u00e9 hodnotenie energetickej hospod\u00e1rnosti budov do dokument\u00e1cie pre z\u00edskanie stavebn\u00e9ho povolenia v\u00a0zmysle Z\u00e1kona \u010d. 300\/2012 Z.z.<\/em><\/p>\n<\/li>\n<li>\n<p><em>rie\u0161enie stavebno-fyzik\u00e1lnych probl\u00e9mov a\u00a0n\u00e1vrhy\/pos\u00fadenia rie\u0161en\u00ed pre dosiahnutie tepelnej, akustickej a\u00a0vizu\u00e1lnej pohody u\u017e\u00edvate\u013eov budov<\/em><\/p>\n<\/li>\n<li>\n<p><em>podklady pre certifik\u00e1ciu trvalej udr\u017eate\u013enosti v\u00a0\u0161t\u00e1diu projektovej dokument\u00e1cie pre certifika\u010dn\u00e9 syst\u00e9my BREEAM<sup>\u00ae<\/sup> International a LEED<sup>\u00ae<\/sup><\/em><\/p>\n<\/li>\n<li>\n<p><em>\u0161t\u00fadie uskuto\u010dnite\u013enosti outsourcingu slu\u017eieb facility managementu<\/em><\/p>\n<\/li>\n<li>\n<p><em>podklady pre v\u00fdber dod\u00e1vate\u013eov slu\u017eieb facility managementu<\/em><\/p>\n<\/li>\n<\/ul>\n<\/td>\n<\/tr>\n<\/tbody>\n<\/table>\n","protected":false},"excerpt":{"rendered":"<p>V\u00a0ka\u017edej f\u00e1ze \u017eivotn\u00e9ho cyklu nehnute\u013enosti je potrebn\u00e9 vykona\u0165 ve\u013ek\u00e9 mno\u017estvo mraven\u010dej pr\u00e1ce, ktor\u00e1 ide za r\u00e1mec operat\u00edvy. Hodnoti\u0165, porovna\u0165, navrhn\u00fa\u0165, vytvori\u0165 strat\u00e9giu a\u00a0taktiku a\u00a0pripravi\u0165 mno\u017estvo podkladov, aby mohla operat\u00edva efekt\u00edvne fungova\u0165. Dne\u0161n\u00e9 firmy nem\u00f4\u017eu kv\u00f4li konkuren\u010dn\u00e9mu tlaku dr\u017ea\u0165 t\u00edmy expertov, ktor\u00e9 vyu\u017eij\u00fa len zriedka. Zato s\u00fa v\u0161ak z\u00a0\u010dasu na \u010das \u2026 <a class=\"continue-reading-link\" href=\"https:\/\/www.alocons.com\/?page_id=3272\">Viac <span class=\"meta-nav\">&rarr; <\/span><\/a><\/p>\n","protected":false},"author":1,"featured_media":0,"parent":3214,"menu_order":10,"comment_status":"closed","ping_status":"closed","template":"","meta":{"ngg_post_thumbnail":0,"footnotes":""},"class_list":["post-3272","page","type-page","status-publish","hentry"],"_links":{"self":[{"href":"https:\/\/www.alocons.com\/index.php?rest_route=\/wp\/v2\/pages\/3272","targetHints":{"allow":["GET"]}}],"collection":[{"href":"https:\/\/www.alocons.com\/index.php?rest_route=\/wp\/v2\/pages"}],"about":[{"href":"https:\/\/www.alocons.com\/index.php?rest_route=\/wp\/v2\/types\/page"}],"author":[{"embeddable":true,"href":"https:\/\/www.alocons.com\/index.php?rest_route=\/wp\/v2\/users\/1"}],"replies":[{"embeddable":true,"href":"https:\/\/www.alocons.com\/index.php?rest_route=%2Fwp%2Fv2%2Fcomments&post=3272"}],"version-history":[{"count":2,"href":"https:\/\/www.alocons.com\/index.php?rest_route=\/wp\/v2\/pages\/3272\/revisions"}],"predecessor-version":[{"id":6761,"href":"https:\/\/www.alocons.com\/index.php?rest_route=\/wp\/v2\/pages\/3272\/revisions\/6761"}],"up":[{"embeddable":true,"href":"https:\/\/www.alocons.com\/index.php?rest_route=\/wp\/v2\/pages\/3214"}],"wp:attachment":[{"href":"https:\/\/www.alocons.com\/index.php?rest_route=%2Fwp%2Fv2%2Fmedia&parent=3272"}],"curies":[{"name":"wp","href":"https:\/\/api.w.org\/{rel}","templated":true}]}}