{"id":2649,"date":"2013-05-11T20:47:08","date_gmt":"2013-05-11T18:47:08","guid":{"rendered":"http:\/\/www.atx.sk\/alocons\/portal\/alocons4\/?page_id=2649"},"modified":"2019-09-27T02:16:25","modified_gmt":"2019-09-27T00:16:25","slug":"realitne-kancelarie-a-kupcipredajcovia-nehnutelnosti","status":"publish","type":"page","link":"https:\/\/www.alocons.com\/?page_id=2649","title":{"rendered":"Realitn\u00e9 kancel\u00e1rie a kupci\/predajcovia nehnute\u013enost\u00ed"},"content":{"rendered":"<table border=\"1\" cellspacing=\"0\" cellpadding=\"0\">\n<tbody>\n<tr>\n<td style=\"background-image: url('http:\/\/www.alocons.com\/portal\/wp-content\/uploads\/ALO_DARK-raster_TMFI16-10.gif');\" valign=\"top\">\n<p style=\"text-align: justify;\"><span style=\"font-size: small; color: #888888;\"><strong><span style=\"font-family: verdana, geneva;\">Pod\u013ea Z\u00e1kona \u010d. 555\/2005 Z.z. v znen\u00ed jeho neskor\u0161\u00edch zmien vr\u00e1tane Z\u00e1kona \u010d. 300\/2012 Z.z. maj\u00fa prenaj\u00edmatelia a&nbsp;pred\u00e1vaj\u00faci nehnute\u013enost\u00ed povinnos\u0165 predklada\u0165 n\u00e1jomcom resp. kupuj\u00facim platn\u00fd energetick\u00fd certifik\u00e1t a&nbsp;odovzda\u0165 im k\u00f3piu resp. origin\u00e1l (pri predaji).<\/span><\/strong><\/span><\/p>\n<p style=\"text-align: justify;\">&nbsp;<\/p>\n<\/td>\n<td style=\"background-image: url('http:\/\/www.alocons.com\/portal\/wp-content\/uploads\/ALO_DARK-raster_TMFI16-50.gif');\" align=\"left\" valign=\"top\"><img loading=\"lazy\" decoding=\"async\" class=\"alignleft\" src=\"http:\/\/www.alocons.com\/portal\/wp-content\/uploads\/pumerle-MAG.gif\" alt=\"pumerle-MAG\" width=\"21\" height=\"21\"><\/td>\n<\/tr>\n<tr>\n<td style=\"width: 643px;\" valign=\"top\">&nbsp;<\/td>\n<td style=\"width: 162px;\" align=\"left\" valign=\"top\">&nbsp;<\/td>\n<\/tr>\n<tr>\n<td style=\"width: 643px;\" valign=\"middle\">\n<p style=\"text-align: justify;\"><span style=\"font-size: medium; color: #333333;\"><strong><span style=\"font-family: verdana, geneva;\">T\u00e1to povinnos\u0165 sa t\u00fdka nasledovn\u00fdch kateg\u00f3ri\u00ed nehnute\u013enost\u00ed:<\/span><\/strong><\/span><\/p>\n<\/td>\n<td style=\"width: 162px;\" align=\"left\" valign=\"top\">&nbsp;<\/td>\n<\/tr>\n<tr>\n<td style=\"width: 643px;\" valign=\"top\">\n<blockquote>\n<ul>\n<li><span style=\"color: #333333;\"><strong><em><span style=\"font-family: verdana, geneva;\">rodinn\u00e9 domy,<\/span><\/em><\/strong><\/span><\/li>\n<li><span style=\"color: #333333;\"><strong><em><span style=\"font-family: verdana, geneva;\">bytov\u00e9 domy,<\/span><\/em><\/strong><\/span><\/li>\n<li><span style=\"color: #333333;\"><strong><em><span style=\"font-family: verdana, geneva;\">administrat\u00edvne budovy,<\/span><\/em><\/strong><\/span><\/li>\n<li><span style=\"color: #333333;\"><strong><em><span style=\"font-family: verdana, geneva;\">budovy \u0161k\u00f4l a \u0161kolsk\u00e9 zariadenia<\/span><\/em><\/strong><\/span><\/li>\n<li><span style=\"color: #333333;\"><strong><em><span style=\"font-family: verdana, geneva;\">budovy nemocn\u00edc,<\/span><\/em><\/strong><\/span><\/li>\n<li><span style=\"color: #333333;\"><strong><em><span style=\"font-family: verdana, geneva;\">budovy hotelov a re\u0161taur\u00e1ci\u00ed,<\/span><\/em><\/strong><\/span><\/li>\n<li><span style=\"color: #333333;\"><strong><em><span style=\"font-family: verdana, geneva;\">\u0161portov\u00e9 haly a in\u00e9 budovy ur\u010den\u00e9 na \u0161port,<\/span><\/em><\/strong><\/span><\/li>\n<li><span style=\"color: #333333;\"><strong><em><span style=\"font-family: verdana, geneva;\">budovy pre ve\u013ekoobchodn\u00e9 a maloobchodn\u00e9 slu\u017eby,<\/span><\/em><\/strong><\/span><\/li>\n<li><span style=\"color: #333333;\"><strong><em><span style=\"font-family: verdana, geneva;\">ostatn\u00e9 nev\u00fdrobn\u00e9 budovy spotreb\u00favaj\u00face energiu<\/span> <\/em><\/strong><\/span><\/li>\n<\/ul>\n<\/blockquote>\n<\/td>\n<td style=\"width: 162px;\" align=\"left\" valign=\"top\"><b>&nbsp;<\/b><\/td>\n<\/tr>\n<tr>\n<td style=\"width: 643px;\" valign=\"top\"><span class=\"Apple-style-span\" style=\"font-style: normal;\">&nbsp;<\/span><\/td>\n<td style=\"width: 162px;\" align=\"left\" valign=\"top\">&nbsp;<\/td>\n<\/tr>\n<tr>\n<td style=\"width: 643px; background-color: #f5f5f5; border: 6px solid #f5f5f5;\" valign=\"top\">\n<p style=\"text-align: justify;\"><span style=\"font-size: small;\"><strong><span style=\"color: #808080; font-family: verdana, geneva;\">Pre realitn\u00e9 kancel\u00e1rie a makl\u00e9rov, prenaj\u00edmate\u013eov nehnute\u013enost\u00ed ako aj pre bud\u00facich pred\u00e1vaj\u00facich resp. kupuj\u00facich pon\u00fakame nasledovn\u00e9 slu\u017eby:<\/span><\/strong><\/span><\/p>\n<\/td>\n<td style=\"width: 162px;\" rowspan=\"2\" align=\"left\" valign=\"top\"><b><i><img loading=\"lazy\" decoding=\"async\" src=\"http:\/\/www.alocons.com\/portal\/wp-content\/uploads\/alo-logo_new_01d-01.png\" alt=\"alo-logo_new_01d-01\" width=\"126\" height=\"45\"><\/i><\/b><\/td>\n<\/tr>\n<tr>\n<td style=\"width: 643px; border: 6px solid #f5f5f5;\" valign=\"top\">\n<ul>\n<li>\n<p><em><span style=\"font-family: verdana, geneva;\">vypracovanie energetick\u00e9ho certifik\u00e1tu budovy,<\/span><\/em><\/p>\n<\/li>\n<li>\n<p><em><span style=\"font-family: verdana, geneva;\">certifik\u00e1ciu trvalej udr\u017eate\u013enosti budovy pod\u013ea certifika\u010dn\u00fdch syst\u00e9mov BREEAM<sup>\u00ae<\/sup> a LEED<sup>\u00ae<\/sup>,<\/span><\/em><\/p>\n<\/li>\n<li>\n<p><em><span style=\"font-family: verdana, geneva;\">poradensk\u00fa a konzulta\u010dn\u00fa \u010dinnos\u0165:<\/span><\/em><\/p>\n<\/li>\n<\/ul>\n<ul>\n<li style=\"list-style-type: none;\">\n<ul>\n<li>\n<p><em><span style=\"font-family: verdana, geneva;\">pre identifikovanie mo\u017enost\u00ed na zlep\u0161enie energetickej hospod\u00e1rnosti existuj\u00facej nehnute\u013enosti,<\/span><\/em><\/p>\n<\/li>\n<li>\n<p><em><span style=\"font-family: verdana, geneva;\">pre vypracovanie strat\u00e9gie na z\u00edskanie certifik\u00e1tu trvalej udr\u017eate\u013enosti.<\/span><\/em><\/p>\n<\/li>\n<\/ul>\n<\/li>\n<\/ul>\n<\/td>\n<\/tr>\n<\/tbody>\n<\/table>\n<div><span class=\"Apple-style-span\" style=\"border-collapse: collapse; font-size: 16px; font-weight: 800; line-height: 24px;\"><b style=\"font-family: Georgia, 'Bitstream Charter', serif; color: #000000; line-height: 1.5;\"><i style=\"font-family: Georgia, 'Bitstream Charter', serif; color: #444444; line-height: 1.5; font-style: italic; border: initial none initial;\"><b style=\"font-family: Georgia, 'Bitstream Charter', serif; color: #000000; line-height: 1.5;\">&nbsp;<\/b><\/i><\/b><\/span><\/div>\n","protected":false},"excerpt":{"rendered":"<p>Pod\u013ea Z\u00e1kona \u010d. 555\/2005 Z.z. v znen\u00ed jeho neskor\u0161\u00edch zmien vr\u00e1tane Z\u00e1kona \u010d. 300\/2012 Z.z. maj\u00fa prenaj\u00edmatelia a&nbsp;pred\u00e1vaj\u00faci nehnute\u013enost\u00ed povinnos\u0165 predklada\u0165 n\u00e1jomcom resp. kupuj\u00facim platn\u00fd energetick\u00fd certifik\u00e1t a&nbsp;odovzda\u0165 im k\u00f3piu resp. origin\u00e1l (pri predaji). &nbsp; &nbsp; &nbsp; T\u00e1to povinnos\u0165 sa t\u00fdka nasledovn\u00fdch kateg\u00f3ri\u00ed nehnute\u013enost\u00ed: &nbsp; rodinn\u00e9 domy, bytov\u00e9 domy, administrat\u00edvne \u2026 <a class=\"continue-reading-link\" href=\"https:\/\/www.alocons.com\/?page_id=2649\">Viac <span class=\"meta-nav\">&rarr; <\/span><\/a><\/p>\n","protected":false},"author":1,"featured_media":0,"parent":2601,"menu_order":16,"comment_status":"closed","ping_status":"closed","template":"","meta":{"ngg_post_thumbnail":0,"footnotes":""},"class_list":["post-2649","page","type-page","status-publish","hentry"],"_links":{"self":[{"href":"https:\/\/www.alocons.com\/index.php?rest_route=\/wp\/v2\/pages\/2649","targetHints":{"allow":["GET"]}}],"collection":[{"href":"https:\/\/www.alocons.com\/index.php?rest_route=\/wp\/v2\/pages"}],"about":[{"href":"https:\/\/www.alocons.com\/index.php?rest_route=\/wp\/v2\/types\/page"}],"author":[{"embeddable":true,"href":"https:\/\/www.alocons.com\/index.php?rest_route=\/wp\/v2\/users\/1"}],"replies":[{"embeddable":true,"href":"https:\/\/www.alocons.com\/index.php?rest_route=%2Fwp%2Fv2%2Fcomments&post=2649"}],"version-history":[{"count":5,"href":"https:\/\/www.alocons.com\/index.php?rest_route=\/wp\/v2\/pages\/2649\/revisions"}],"predecessor-version":[{"id":7697,"href":"https:\/\/www.alocons.com\/index.php?rest_route=\/wp\/v2\/pages\/2649\/revisions\/7697"}],"up":[{"embeddable":true,"href":"https:\/\/www.alocons.com\/index.php?rest_route=\/wp\/v2\/pages\/2601"}],"wp:attachment":[{"href":"https:\/\/www.alocons.com\/index.php?rest_route=%2Fwp%2Fv2%2Fmedia&parent=2649"}],"curies":[{"name":"wp","href":"https:\/\/api.w.org\/{rel}","templated":true}]}}